
Let r(u) = 2*u**3 + 40*u**2 - 2*u - 56. Give r(-20).
-16
Let v(c) = 45*c - 1055. Determine v(23).
-20
Let y(c) = -4*c**2 + 61*c + 470. Determine y(-10).
-540
Let p(o) = 2*o**2 + 205*o - 671. What is p(-105)?
-146
Let g(b) = 1057*b - 8432. Give g(8).
24
Let m(z) = -6*z**3 + 9*z - 8. Give m(1).
-5
Let o(b) = b**2 - 26*b + 36. What is o(16)?
-124
Let l(p) = -p**3 - 12*p**2 - 155*p - 2178. Determine l(-13).
6
Let z(p) = -2032*p + 2040. What is z(1)?
8
Let b(d) = -3*d**3 + 241*d**2 - 75*d - 405. Give b(80).
-5
Let s(x) = 92*x + 18. Give s(6).
570
Let a(b) = -57*b**2 + 3*b - 3. Determine a(1).
-57
Let p(q) = -2*q**2 + 160*q + 637. Determine p(-4).
-35
Let v(b) = -b**2 - 162*b - 2093. What is v(-14)?
-21
Let z(i) = -1204*i + 2345. Give z(2).
-63
Let y(n) = -n**3 + n**2 + 509*n + 22. What is y(23)?
91
Let h(i) = i**3 + 14*i**2 - 41*i - 21. Calculate h(-16).
123
Let a(x) = -x**2 + 70*x + 223. What is a(73)?
4
Let r(a) = a**3 - 16*a + 237. Give r(-7).
6
Let j(o) = -16215*o - 97289. Determine j(-6).
1
Let g(i) = i**2 - 16*i + 71. Determine g(16).
71
Let d(w) = 10*w**2 - 2007*w + 1384. Calculate d(200).
-16
Let h(t) = -2861*t - 37191. What is h(-13)?
2
Let q(t) = -t**3 + 7*t**2 - 37*t - 37. Determine q(0).
-37
Let y(w) = 2*w**2 - 16*w - 213. Determine y(15).
-3
Let r(m) = -577*m - 2309. What is r(-4)?
-1
Let h(u) = u**2 - 13*u + 13. Determine h(3).
-17
Let u(o) = 27*o + 2382. Determine u(-88).
6
Let r(u) = -8*u**3 - 8*u**2 - 21*u - 20. Give r(-1).
1
Let g(a) = -a**2 - 548*a - 5383. Determine g(-10).
-3
Let l(g) = -169*g**2 - 1016*g - 15. Determine l(-6).
-3
Let x(p) = p**3 - 12*p**2 - 102*p - 112. Calculate x(18).
-4
Let l(r) = r**2 + 7*r + 26. Calculate l(-13).
104
Let q(b) = 8*b**2 + 44*b + 13. Determine q(-8).
173
Let b(s) = -s**3 - 31*s**2 - 14*s - 84. Calculate b(-31).
350
Let k(o) = o**3 + 48*o**2 + 319*o - 78. What is k(-40)?
-38
Let f(b) = -26*b**2 + 108*b - 1. Determine f(4).
15
Let m(s) = -s**3 - 7*s**2 + 15*s - 27. What is m(-9)?
0
Let c(z) = -10*z**2 + 86*z - 516. Determine c(6).
-360
Let t(h) = 120*h + 2163. Determine t(-18).
3
Let d(m) = 1025*m + 6168. Give d(-6).
18
Let k(g) = -3*g**3 + 44*g**2 + 10*g + 83. Calculate k(15).
8
Let d(s) = s - 53. Determine d(-11).
-64
Let s(k) = -k**2 - 57*k + 176. Calculate s(-60).
-4
Let k(c) = -72*c + 174. What is k(3)?
-42
Let h(s) = -1144*s + 109837. Determine h(96).
13
Let u(t) = 43*t + 305. Give u(-7).
4
Let c(y) = -y**2 - 19*y - 15. Calculate c(-19).
-15
Let w(t) = t**2 - 46*t - 2836. What is w(81)?
-1
Let z(t) = -4*t**2 + 619*t - 6. Calculate z(0).
-6
Let y(u) = 127*u - 195. Give y(5).
440
Let x(m) = 67*m**2 + 1153*m + 140. Determine x(-17).
-98
Let o(y) = -y**3 - 100*y**2 - 18*y - 1445. Give o(-100).
355
Let l(c) = -22*c + 1160. Determine l(36).
368
Let g(h) = 8169*h + 49014. Give g(-6).
0
Let t(m) = -37*m + 895. Calculate t(24).
7
Let i(z) = 34*z - 49. Determine i(0).
-49
Let m(j) = 60*j - 16. Determine m(4).
224
Let c(w) = 4*w**2 + 109*w + 28. Give c(-27).
1
Let v(n) = 11*n**2 - 209*n - 2787. What is v(-9)?
-15
Let q(l) = l**3 - 29*l**2 + 119*l + 57. What is q(24)?
33
Let v(c) = -426*c + 1367. Calculate v(3).
89
Let g(d) = d**3 + 55*d**2 + 5*d + 261. What is g(-55)?
-14
Let d(w) = w**2 - 11*w + 17. Determine d(3).
-7
Let w(b) = -2*b**2 - 637*b - 17310. Calculate w(-30).
0
Let n(k) = -2*k**3 + 31*k**2 + 18*k - 24. What is n(16)?
8
Let s(u) = -101*u + 532. Give s(5).
27
Let z(s) = 2*s**3 + 6*s**2 - 5*s - 37. Determine z(-4).
-49
Let r(u) = -16*u + 249. What is r(12)?
57
Let z(w) = 10*w - 4. Calculate z(-2).
-24
Let p(u) = 7*u**2 - 139*u + 88. What is p(19)?
-26
Let c(q) = 2*q + 535. Determine c(107).
749
Let p(x) = -85*x + 7095. What is p(85)?
-130
Let z(s) = 1184*s + 14179. Determine z(-12).
-29
Let f(p) = -4*p**2 + 9*p + 122. Determine f(8).
-62
Let k(a) = -107*a + 1610. Give k(15).
5
Let p(r) = 12*r**3 + 23*r**2 + 40*r + 6. Give p(-2).
-78
Let g(m) = m**2 + 64*m - 53. What is g(-60)?
-293
Let b(s) = 5*s - 52. Give b(0).
-52
Let s(p) = -2*p**2 - 418*p + 2955. Calculate s(7).
-69
Let n(o) = o**3 + 16*o**2 - 19*o - 12. Determine n(-17).
22
Let a(t) = 8*t**2 - 127*t - 15. What is a(16)?
1
Let w(b) = b**2 + 65*b + 363. Calculate w(-59).
9
Let i(q) = -2*q**2 + 19*q + 183. Determine i(-7).
-48
Let n(k) = 51*k**2 - 635*k + 1578. Give n(9).
-6
Let h(a) = 2*a**2 + 463*a + 1821. Determine h(-4).
1
Let h(v) = 254*v + 1020. What is h(-4)?
4
Let p(t) = 62*t - 296. Give p(4).
-48
Let l(o) = -9*o**3 + o**2 + 3*o + 4. Determine l(2).
-58
Let y(i) = -3*i**2 + 134*i + 131. Give y(-1).
-6
Let a(y) = 7*y**2 - 80*y - 5. Calculate a(10).
-105
Let y(f) = -f**3 + 22*f**2 - 17*f - 85. Determine y(21).
-1
Let b(q) = -59*q - 1064. Determine b(-17).
-61
Let a(v) = 76*v**2 + 23*v - 23. Give a(1).
76
Let d(z) = -410*z - 3600. Calculate d(-9).
90
Let f(l) = -62*l - 42. Give f(2).
-166
Let v(s) = -s**3 + 13*s**2 + 7*s - 133. What is v(13)?
-42
Let u(c) = 5*c**2 - 84*c - 59. What is u(17)?
-42
Let a(w) = -4*w**3 - 131*w**2 - 103*w - 216. Give a(-32).
8
Let f(i) = -3*i**2 - 14*i - 6. Determine f(-4).
2
Let p(j) = 31*j - 700. Give p(23).
13
Let w(s) = -1024*s - 27643. Give w(-27).
5
Let p(s) = -s**3 + 9*s**2 + 7*s + 16. What is p(10)?
-14
Let b(l) = -2*l**3 + 18*l**2 - 38*l + 100. Determine b(6).
88
Let h(c) = 13*c - 115. What is h(8)?
-11
Let j(t) = 937*t + 2689. Determine j(-3).
-122
Let b(v) = -20*v - 823. What is b(-51)?
197
Let t(v) = -v**3 + 9*v**2 - 3*v - 88. Determine t(7).
-11
Let r(d) = 46*d - 703. Calculate r(15).
-13
Let p(l) = 30*l - 3066. Determine p(101).
-36
Let b(n) = -17*n**2 - 17*n - 16. Give b(-1).
-16
Let b(v) = v**3 - 75*v**2 + 414*v + 13. Determine b(69).
13
Let s(d) = -d**3 - 25*d**2 - 156*d + 21. Determine s(-13).
21
Let k(d) = d**3 + 10*d**2 + 140*d + 1172. Determine k(-9).
-7
Let r(l) = 8*l**3 + 57*l**2 - 17*l - 41. What is r(1)?
7
Let x(z) = -193*z + 1511. Calculate x(8).
-33
Let a(m) = -5*m**2 + 423*m + 172. What is a(85)?
2
Let c(l) = 17*l - 253. What is c(12)?
-49
Let l(v) = 5*v + 55. What is l(12)?
115
Let s(r) = 381*r + 377. Calculate s(-1).
-4
Let r(h) = -h**3 - 22*h**2 + 174*h + 3486. Calculate r(-23).
13
Let w(t) = 146*t - 12127. Determine w(83).
-9
Let b(q) = -9*q - 34. Determine b(-9).
47
Let i(g) = 1646*g - 26323. Determine i(16).
13
Let r(p) = -15*p**2 + 273*p - 63. Determine r(18).
-9
Let p(d) = -3*d**2 + 81*d - 164. Determine p(2).
-14
Let q(t) = -2803*t + 14009. Calculate q(5).
-6
Let p(u) = -5924*u + 5911. What is p(1)?
-13
Let g(z) = 2*z**3 - 246*z**2 - 12*z + 1475. Calculate g(123).
-1
Let i(x) = x**3 - 3*x**2 + 7*x + 25. Determine i(7).
270
Let t(m) = 3*m - 49. Give t(9).
-22
Let g(c) = -c**2 + 1224*c + 7. Calculate g(0).
7
Let l(r) = -78*r + 4999. Determine l(64).
7
Let m(d) = d**3 + 11*d**2 - 4*d + 14. What is m(-10)?
154
Let a(s) = 265*s - 3451. Determine a(13).
-6
Let g(z) = -z**3 + 15*z**2 - 3*z - 1. Give g(15).
-46
Let w(n) = 175*n + 171. Calculate w(-1).
-4
Let w(q) = 6*q**3 - 784*q**2 - 1055*q - 126. Give w(132).
6
Let k(m) = -m**3 + 57*m**2 + 65*m - 348. What is k(58)?
58
Let t(u) = -7*u**2 + 49*u - 21. Determine t(8).
-77
Let s(x) = 8*x + 135. Calculate s(-21).
-33
Let d(l) = -95*l - 399. Calculate d(-4).
-19
Let v(i) = 7*i**2 - 403*i + 1699. Calculate v(53).
3
Let x(w) = -w**2 + 11*w + 295. Determine x(21).
85
Let v(o) = -61*o + 2579. Calculate v(43).
-44
Let j(z) = z**2 + 152*z + 439. What is j(-149)?
-8
Let u(v) = 5*v + 18. Give u(-14).
-52
Let t(v) = -3*v - 8. What is t(6)?
-26
Let o(n) = -12*n**3 + 48*n**2 - 14*n + 45. What is o(4)?
-11
Let v(z) = 51*z - 299. Determine v(8).
109
Let r(k) = 265*k + 2914. Determine r(-11).
-1
Let v(q) = q**3 + 130*q**2 + 15*q + 1932. Calculate v(-130).
-18
Let x(t) = -t**3 + 54*t**2 + 640*t + 4. Give x(64).
4
Let n(q) = 2*q**3 + 46*q**2 - 49*q + 1. Give n(-24).
25
Let v(y) = -y**2 + 299*y + 4889. Give v(-15).
179
Let u(m) = m**2 - 12*m + 6. Determine u(0).
6
Let s(a) = -a**3 + 87*a**2 - 633*a + 100. What is s(79)?
21
Let d(r) = -r**2 + 21*r + 2747. Give d(-43).
-5
Let d(v) = v**2 + 50*v + 242. Give d(-45).
17
Let s(h) = 2*h**2 - 50*h - 216. Give s(29).
16
Let y(d) = 2*d**2 - 10*d - 33. Calculate y(-7).
135
Let a(x) = -9*x**2 + 304*x + 314. Determine a(-1).
1
Let m(k) = k**3 - 10*k**2 + 13*k + 34. Give m(8).
10
Let m(u) = 48*u + 324. 